
True
Is 5356377757 a composite number?
True
Is 2460398093 a composite number?
True
Is 7015602119 a prime number?
True
Is 19588635631 a prime number?
True
Is 7993396289 a composite number?
False
Is 127162447 a prime number?
True
Is 8846656003 a composite number?
False
Is 9210872789 a composite number?
False
Is 976258891 prime?
True
Is 6344065643 a composite number?
True
Is 5098682233 prime?
True
Is 3728570921 a composite number?
False
Is 365393486831 composite?
True
Is 1402359983 a composite number?
True
Is 142075571665 prime?
False
Is 27733541599 prime?
False
Is 38009574887 a prime number?
True
Is 1036511759 prime?
True
Is 281387357 a prime number?
False
Is 1599415507 prime?
False
Is 11893348919 prime?
False
Is 928445839 prime?
True
Is 137574068623 a prime number?
True
Is 45615622993 a composite number?
True
Is 6293796793 a prime number?
False
Is 7385085947 a prime number?
True
Is 39082783 prime?
False
Is 6427611094 a prime number?
False
Is 470984459 composite?
True
Is 34436639 a composite number?
True
Is 962473717 prime?
False
Is 86128481797 composite?
True
Is 3774341 composite?
True
Is 95992172243 a prime number?
False
Is 49856995753 prime?
False
Is 4879149113 a composite number?
False
Is 209156953 prime?
False
Is 2773292813 a composite number?
True
Is 15946259893 prime?
False
Is 86014516207 a prime number?
False
Is 4646405089 a prime number?
True
Is 6661384031 a prime number?
False
Is 2127978507 prime?
False
Is 13138365589 a prime number?
True
Is 118959223 prime?
True
Is 11566451249 composite?
False
Is 3074413855 prime?
False
Is 2210801459 a prime number?
False
Is 2339847733 a prime number?
False
Is 6947975219 composite?
False
Is 429717491 a composite number?
True
Is 19919110451 a composite number?
False
Is 1810933951 a composite number?
False
Is 50885934941 prime?
True
Is 20702779591 composite?
True
Is 13113491 a composite number?
False
Is 25622623459 a composite number?
False
Is 188227001 composite?
False
Is 422218821 composite?
True
Is 15313815791 a composite number?
False
Is 1036645091 prime?
False
Is 70602011 a prime number?
False
Is 15805180849 prime?
True
Is 464313919 prime?
True
Is 1425582967 a prime number?
True
Is 22517759963 prime?
False
Is 1904306709 prime?
False
Is 2345568397 a composite number?
True
Is 408420483 prime?
False
Is 1629948689 a prime number?
True
Is 167404313411 a composite number?
True
Is 988620133 composite?
False
Is 1162409419 composite?
False
Is 39073104347 a composite number?
False
Is 612015023 a composite number?
True
Is 312228221 a composite number?
False
Is 378711829 a prime number?
False
Is 313640929 prime?
False
Is 1935208927 composite?
True
Is 939200573 composite?
True
Is 21986059709 composite?
False
Is 6959145538 a composite number?
True
Is 320524051 prime?
True
Is 31453525393 prime?
False
Is 6892632647 prime?
True
Is 128312763 prime?
False
Is 2243415206 composite?
True
Is 5554151147 prime?
True
Is 93472969 a composite number?
True
Is 8345803129 a composite number?
True
Is 39726044377 composite?
True
Is 26695549 a composite number?
False
Is 321627167 a prime number?
True
Is 3533642149 a composite number?
False
Is 46305007457 a composite number?
True
Is 70799031469 a composite number?
True
Is 123201253457 a composite number?
False
Is 49261840289 a composite number?
True
Is 12004046663 prime?
False
Is 31862157359 composite?
False
Is 6294177793 composite?
False
Is 13313628323 a prime number?
True
Is 1296327919 composite?
False
Is 13133139011 composite?
True
Is 5688252841 a composite number?
False
Is 2263561109 a prime number?
True
Is 4066405429 composite?
True
Is 7286644487 prime?
False
Is 9090561983 composite?
False
Is 5340655823 a composite number?
True
Is 2918528729 prime?
False
Is 498750379 a composite number?
True
Is 586603609 a prime number?
True
Is 103029889705 composite?
True
Is 1281586907 a composite number?
False
Is 4197060367 a prime number?
True
Is 4380125969 prime?
True
Is 5192942273 composite?
True
Is 544518199 a composite number?
False
Is 51302968217 a prime number?
True
Is 348525929 a prime number?
True
Is 3651318199 a prime number?
False
Is 4279040057 a composite number?
False
Is 1420861069 composite?
True
Is 340451803 prime?
False
Is 83728517527 prime?
False
Is 1904269307 prime?
True
Is 4424015567 prime?
True
Is 113001790127 prime?
True
Is 143339442163 composite?
True
Is 1278264041 a composite number?
True
Is 1567263173 a prime number?
False
Is 15688545967 a composite number?
True
Is 3136595603 composite?
False
Is 7114549919 prime?
True
Is 96505942319 prime?
True
Is 386187199 prime?
False
Is 96443999 prime?
False
Is 37098630673 composite?
True
Is 79125300977 a composite number?
False
Is 67021168037 a prime number?
True
Is 81645761 a prime number?
True
Is 21014158079 prime?
False
Is 75266347271 a prime number?
False
Is 435360689 composite?
False
Is 7399801447 a composite number?
False
Is 13474676309 a prime number?
True
Is 361386257 prime?
True
Is 1848860719 composite?
True
Is 12178729 composite?
False
Is 1750253963 a prime number?
False
Is 25266114781 prime?
True
Is 67909033327 composite?
False
Is 63110917939 a prime number?
False
Is 24934500809 composite?
True
Is 82561498667 a prime number?
True
Is 464706955 prime?
False
Is 30409413263 a prime number?
False
Is 22405459169 prime?
True
Is 937965061 a composite number?
True
Is 2952157259 composite?
True
Is 1180518007 a prime number?
True
Is 7348009241 a prime number?
False
Is 17153816927 prime?
False
Is 13146978223 prime?
True
Is 5039093041 composite?
True
Is 22790875927 prime?
False
Is 844565821 a prime number?
False
Is 14584896163 prime?
True
Is 109698484205 prime?
False
Is 3920483923 a prime number?
False
Is 49332480709 a prime number?
True
Is 665016701 composite?
True
Is 235196239 prime?
True
Is 1404909167 prime?
False
Is 7578972761 prime?
False
Is 34764459319 prime?
True
Is 360583759 a prime number?
False
Is 29870477561 a composite number?
True
Is 1116108457 prime?
True
Is 19742857013 prime?
False
Is 482475211 a prime number?
True
Is 4251423151 prime?
False
Is 2110599793 a prime number?
False
Is 154121017 composite?
False
Is 762709373 composite?
True
Is 2187685321 composite?
False
Is 1641869849 prime?
True
Is 3771068519 prime?
False
Is 4048593803 a composite number?
True
Is 367669633 a composite number?
False
Is 4799384651 a composite number?
True
Is 62315677 a composite number?
False
Is 792734653 composite?
True
Is 2363776787 composite?
False
Is 947506943 composite?
True
Is 426193711 prime?
False
Is 1121207431 prime?
True
Is 569488669 a composite number?
True
Is 135151935547 prime?
False
Is 530901235 a prime number?
False
Is 31577977929 a prime number?
False
Is 796665693 prime?
False
Is 10273635979 composite?
False
Is 4169812943 a prime number?
False
Is 6622471931 prime?
True
Is 105870126071 prime?
True
Is 861545947201 composite?
False
Is 543647737 composite?
False
Is 454404661 a prime number?
False
Is 3792618853 a composite number?
True
Is 1941314329 prime?
True
Is 19262348227 a prime number?
True
Is 611504969 prime?
False
Is 3045882461 a composite number?
True
Is 147347870791 a composite number?
True
Is 226840585 a composite number?
True
Is 132400686289 a prime number?
False
Is 293193667 a prime number?
False
Is 16369020589 a prime number?
True
Is 1581685051 prime?
False
Is 2908502299 a prime number?
False
Is 819008951 a composite number?
True
Is 1585482883 a prime number?
False
Is 49024435877 a composite number?
False
Is 629496559 a prime number?
True
Is 107782090063 a prime number?
True
Is 4470032627 a prime number?
True
Is 41568160055 a prime number?
False
Is 3939009857 prime?
False
Is 2639514587 composite?
True
Is 13161762917 prime?
True
Is 555872951 composite?
False
Is 45957209 composite?
False
Is 112079422403 a composite number?
True
Is 470408369 prime?
True
Is 1321168081 composite?
True
Is 2533197949 a prime number?
False
Is 22354605259 a prime number?
False
Is 74233902073 composite?
False
Is 56148045137 composite?
False
Is 323780059 a prime number?
True
Is 18985364861 a prime number?
True
Is 5154621869 a composite number?
False
Is 10117258183 composite?
True
Is 2229687571 prime?
True
Is 712686841 a prime number?
False
Is 29359475461 prime?
False
Is 21966162971 composite?
True
Is 10136540939 a composite number?
True
Is